{"id":973,"date":"2013-07-31T10:25:56","date_gmt":"2013-07-31T08:25:56","guid":{"rendered":"http:\/\/www.bund-deutscher-tierfreunde.com\/?page_id=973"},"modified":"2026-04-28T14:00:13","modified_gmt":"2026-04-28T12:00:13","slug":"tierherberge-kamp-lintfort","status":"publish","type":"page","link":"https:\/\/www.bund-deutscher-tierfreunde.com\/?page_id=973","title":{"rendered":"Kamp-Lintfort"},"content":{"rendered":"<p><strong>Unsere zweite Tierherberge<\/strong><br \/>\nEs ist gelungen neben dem Projekt St. Georg Tierherberge ein neues riesiges Projekt zum Wohle der Tiere verwirklichen zu k\u00f6nnen. In Kamp-Lintfort konnte ein leerstehendes Tierheim \u00fcbernommen werden. Es hat eine Gr\u00f6\u00dfe von ca. 6400qm auf dem ein wundersch\u00f6nes Tierheimbetriebsgel\u00e4nde steht. Am 01.05.2004 war Er\u00f6ffnung.<\/p>\n<div id=\"attachment_1468\" style=\"width: 510px\" class=\"wp-caption aligncenter\"><a href=\"https:\/\/www.bund-deutscher-tierfreunde.com\/wp-content\/uploads\/2013\/07\/kamp-lintfort3.jpg\"><img loading=\"lazy\" decoding=\"async\" aria-describedby=\"caption-attachment-1468\" class=\"wp-image-1468\" src=\"https:\/\/www.bund-deutscher-tierfreunde.com\/wp-content\/uploads\/2013\/07\/kamp-lintfort3.jpg\" alt=\"kamp-lintfort3\" width=\"500\" height=\"358\" srcset=\"https:\/\/www.bund-deutscher-tierfreunde.com\/wp-content\/uploads\/2013\/07\/kamp-lintfort3.jpg 600w, https:\/\/www.bund-deutscher-tierfreunde.com\/wp-content\/uploads\/2013\/07\/kamp-lintfort3-300x215.jpg 300w\" sizes=\"auto, (max-width: 500px) 100vw, 500px\" \/><\/a><p id=\"caption-attachment-1468\" class=\"wp-caption-text\">Tierherberge Kamp-Lintfort<\/p><\/div>\n<p><strong>Kurzinformationen zur Tierherberge Kamp-Lintfort:<\/strong><\/p>\n<ul>\n<li>Quadratmeter Land : 6.000 Quadratmeter<\/li>\n<li>bebaute Fl\u00e4che : 600<\/li>\n<li>Baujahr: 1990<\/li>\n<li>Mitarbeiter: 5<\/li>\n<li>Charakteristika: Tierherberge f\u00fcr Hunde und Katzen.<\/li>\n<li>Vereinssitz und Gesch\u00e4ftsstelle des &#8222;BdT&#8220;.<\/li>\n<\/ul>\n<p>Aktuelles und weitere Informationen \u00fcber die Tierherberge finden Sie auf unserer Website <a href=\"http:\/\/www.tierherberge-kamp-lintfort.de\/\">Tierherberge Kamp-Lintfort<\/a> oder auf Facebook\u00a0<a href=\"https:\/\/www.facebook.com\/tierherberge\">Tierherberge Kamp-Lintfort auf Facebook<\/a>.<\/p>\n","protected":false},"excerpt":{"rendered":"<p>Unsere zweite Tierherberge Es ist gelungen neben dem Projekt St. Georg Tierherberge ein neues riesiges Projekt zum Wohle der Tiere verwirklichen zu k\u00f6nnen. In Kamp-Lintfort konnte ein leerstehendes Tierheim \u00fcbernommen werden. Es hat eine&#46;&#46;&#46;<\/p>\n","protected":false},"author":1,"featured_media":0,"parent":957,"menu_order":0,"comment_status":"open","ping_status":"open","template":"","meta":{"footnotes":""},"class_list":["post-973","page","type-page","status-publish","hentry"],"_links":{"self":[{"href":"https:\/\/www.bund-deutscher-tierfreunde.com\/index.php?rest_route=\/wp\/v2\/pages\/973","targetHints":{"allow":["GET"]}}],"collection":[{"href":"https:\/\/www.bund-deutscher-tierfreunde.com\/index.php?rest_route=\/wp\/v2\/pages"}],"about":[{"href":"https:\/\/www.bund-deutscher-tierfreunde.com\/index.php?rest_route=\/wp\/v2\/types\/page"}],"author":[{"embeddable":true,"href":"https:\/\/www.bund-deutscher-tierfreunde.com\/index.php?rest_route=\/wp\/v2\/users\/1"}],"replies":[{"embeddable":true,"href":"https:\/\/www.bund-deutscher-tierfreunde.com\/index.php?rest_route=%2Fwp%2Fv2%2Fcomments&post=973"}],"version-history":[{"count":21,"href":"https:\/\/www.bund-deutscher-tierfreunde.com\/index.php?rest_route=\/wp\/v2\/pages\/973\/revisions"}],"predecessor-version":[{"id":3690,"href":"https:\/\/www.bund-deutscher-tierfreunde.com\/index.php?rest_route=\/wp\/v2\/pages\/973\/revisions\/3690"}],"up":[{"embeddable":true,"href":"https:\/\/www.bund-deutscher-tierfreunde.com\/index.php?rest_route=\/wp\/v2\/pages\/957"}],"wp:attachment":[{"href":"https:\/\/www.bund-deutscher-tierfreunde.com\/index.php?rest_route=%2Fwp%2Fv2%2Fmedia&parent=973"}],"curies":[{"name":"wp","href":"https:\/\/api.w.org\/{rel}","templated":true}]}}