{"id":885,"date":"2013-04-20T10:19:40","date_gmt":"2013-04-20T08:19:40","guid":{"rendered":"http:\/\/www.bund-deutscher-tierfreunde.com\/?page_id=885"},"modified":"2026-04-28T14:20:26","modified_gmt":"2026-04-28T12:20:26","slug":"fur-mitglieder","status":"publish","type":"page","link":"https:\/\/www.bund-deutscher-tierfreunde.com\/?page_id=885","title":{"rendered":"F\u00fcr Mitglieder"},"content":{"rendered":"<p style=\"text-align: left;\"><span style=\"color: #000000;\">F\u00fcr unsere Mitglieder und den Besuchern unserer Homepage stellen wir hier die wichtigsten Downloads zur Verf\u00fcgung. Ebenso finden Sie hier unsere j\u00e4hrliche Bilanz.<\/span><\/p>\n<p style=\"text-align: left;\"><span style=\"color: #000000;\">Sie sind Mitglied und m\u00f6chten Ihren Mitgliedsbeitrag \u00e4ndern? Ihre Adresse oder Kontoverbindung hat sich ge\u00e4ndert? Benutzen Sie doch einfach unsere vorgefertigten Standardformulare! Alle Formulare sind als pdf-Dokumente verf\u00fcgbar. <\/span><\/p>\n<map name=\"Map\"><\/map>\n<p style=\"text-align: left;\"><span style=\"color: #000000;\">F\u00fcllen Sie die heruntergeladenen Formulare bitte gut lesbar aus und schicken Sie diese bitte unterschrieben an unsere Gesch\u00e4ftsstelle.<\/span><\/p>\n<p>&nbsp;<\/p>\n<p style=\"text-align: center;\"><span style=\"color: #000000;\"><strong>Satzung<\/strong><\/span><\/p>\n<p style=\"text-align: center;\"><span style=\"color: #000000;\"><a style=\"color: #000000;\" href=\"https:\/\/www.bund-deutscher-tierfreunde.com\/wp-content\/uploads\/2013\/04\/Satzung_des_BUND_DEUTSCHER_TIERFREUNDE_e.pdf\" target=\"_blank\" rel=\"noopener\" data-wp-editing=\"1\"><br \/>\n<img loading=\"lazy\" decoding=\"async\" class=\"wp-image-1714 alignnone\" src=\"https:\/\/www.bund-deutscher-tierfreunde.com\/wp-content\/uploads\/2013\/04\/pdf_icon_.jpg\" alt=\"pdf_icon_\" width=\"36\" height=\"25\" \/> Satzung des BUND DEUTSCHER TIERFREUNDE e.V.<\/a><\/span><\/p>\n<p>&nbsp;<\/p>\n<p style=\"text-align: center;\"><span style=\"text-align: -webkit-center; color: #000000;\"><strong>Formulare<\/strong><br \/>\n<a style=\"color: #000000;\" href=\"https:\/\/www.bund-deutscher-tierfreunde.com\/wp-content\/uploads\/2024\/07\/Beitragsanpassung-24-v2.pdf\" target=\"_blank\" rel=\"noopener\"><br \/>\n<img loading=\"lazy\" decoding=\"async\" class=\"size-full wp-image-1714 alignnone\" src=\"https:\/\/www.bund-deutscher-tierfreunde.com\/wp-content\/uploads\/2013\/04\/pdf_icon_.jpg\" alt=\"pdf_icon_\" width=\"36\" height=\"25\" \/> Formular f\u00fcr Beitragsanpassung<\/a><\/span><\/p>\n<p style=\"text-align: center;\"><span style=\"text-align: -webkit-center; color: #000000;\"><br \/>\n<a style=\"color: #000000;\" href=\"https:\/\/www.bund-deutscher-tierfreunde.com\/wp-content\/uploads\/2024\/07\/Adressaenderung-24-v6.pdf\" target=\"_blank\" rel=\"noopener\"><img loading=\"lazy\" decoding=\"async\" class=\"size-full wp-image-1714 alignnone\" src=\"https:\/\/www.bund-deutscher-tierfreunde.com\/wp-content\/uploads\/2013\/04\/pdf_icon_.jpg\" alt=\"pdf_icon_\" width=\"36\" height=\"25\" \/> Formular f\u00fcr Konto\/Adress\u00e4nderung<\/a><\/span><\/p>\n<p>&nbsp;<\/p>\n<p style=\"text-align: center;\"><span style=\"color: #000000;\"><strong>Transparenz<\/strong><\/span><\/p>\n<p align=\"center\"><span style=\"color: #000000;\"><strong>Ein und Ausgaben des BDT<\/strong><\/span><\/p>\n<p align=\"center\"><span style=\"color: #000000;\"><strong><a style=\"color: #000000;\" href=\"https:\/\/www.bund-deutscher-tierfreunde.com\/wp-content\/uploads\/2019\/09\/abschluss2017a.pdf\"><br \/>\n<\/a><a style=\"color: #000000;\" href=\"https:\/\/www.bund-deutscher-tierfreunde.com\/wp-content\/uploads\/2013\/04\/Jahresabschluss-2018-Stand-15.06.2021.pdf\">2018<\/a><\/strong><\/span><br \/>\n<span style=\"color: #000000;\"><strong><a style=\"color: #000000;\" href=\"https:\/\/www.bund-deutscher-tierfreunde.com\/wp-content\/uploads\/2013\/04\/2019.pdf\">2019<br \/>\n<\/a><a style=\"color: #000000;\" href=\"https:\/\/www.bund-deutscher-tierfreunde.com\/wp-content\/uploads\/2022\/08\/bdt2020a.pdf\">2020<\/a><br \/>\n<a style=\"color: #000000;\" href=\"https:\/\/www.bund-deutscher-tierfreunde.com\/wp-content\/uploads\/2023\/08\/Bilanz2021-1.pdf\">2021<\/a><br \/>\n<a style=\"color: #000000;\" href=\"https:\/\/www.bund-deutscher-tierfreunde.com\/wp-content\/uploads\/2025\/03\/BdT-Bilanz-2022.pdf\">2022<\/a><\/strong><\/span><\/p>\n<p align=\"center\"><span style=\"color: #000000;\"><img loading=\"lazy\" decoding=\"async\" class=\"aligncenter size-full wp-image-1715\" src=\"https:\/\/www.bund-deutscher-tierfreunde.com\/wp-content\/uploads\/2013\/04\/Logo3.jpg\" alt=\"Logo3\" width=\"343\" height=\"158\" srcset=\"https:\/\/www.bund-deutscher-tierfreunde.com\/wp-content\/uploads\/2013\/04\/Logo3.jpg 343w, https:\/\/www.bund-deutscher-tierfreunde.com\/wp-content\/uploads\/2013\/04\/Logo3-300x138.jpg 300w\" sizes=\"auto, (max-width: 343px) 100vw, 343px\" \/><\/span><\/p>\n<p align=\"center\"><span style=\"color: #000000;\"><img loading=\"lazy\" decoding=\"async\" class=\"aligncenter size-full wp-image-1278\" style=\"text-align: start;\" src=\"https:\/\/www.bund-deutscher-tierfreunde.com\/wp-content\/uploads\/2014\/04\/logo33.png\" alt=\"logo3\" width=\"147\" height=\"147\" srcset=\"https:\/\/www.bund-deutscher-tierfreunde.com\/wp-content\/uploads\/2014\/04\/logo33.png 147w, https:\/\/www.bund-deutscher-tierfreunde.com\/wp-content\/uploads\/2014\/04\/logo33-67x67.png 67w, https:\/\/www.bund-deutscher-tierfreunde.com\/wp-content\/uploads\/2014\/04\/logo33-65x65.png 65w, https:\/\/www.bund-deutscher-tierfreunde.com\/wp-content\/uploads\/2014\/04\/logo33-38x38.png 38w\" sizes=\"auto, (max-width: 147px) 100vw, 147px\" \/><\/span><\/p>\n","protected":false},"excerpt":{"rendered":"<p>F\u00fcr unsere Mitglieder und den Besuchern unserer Homepage stellen wir hier die wichtigsten Downloads zur Verf\u00fcgung. Ebenso finden Sie hier unsere j\u00e4hrliche Bilanz. Sie sind Mitglied und m\u00f6chten Ihren Mitgliedsbeitrag \u00e4ndern? Ihre Adresse oder&#46;&#46;&#46;<\/p>\n","protected":false},"author":1,"featured_media":0,"parent":0,"menu_order":0,"comment_status":"open","ping_status":"open","template":"","meta":{"footnotes":""},"class_list":["post-885","page","type-page","status-publish","hentry"],"_links":{"self":[{"href":"https:\/\/www.bund-deutscher-tierfreunde.com\/index.php?rest_route=\/wp\/v2\/pages\/885","targetHints":{"allow":["GET"]}}],"collection":[{"href":"https:\/\/www.bund-deutscher-tierfreunde.com\/index.php?rest_route=\/wp\/v2\/pages"}],"about":[{"href":"https:\/\/www.bund-deutscher-tierfreunde.com\/index.php?rest_route=\/wp\/v2\/types\/page"}],"author":[{"embeddable":true,"href":"https:\/\/www.bund-deutscher-tierfreunde.com\/index.php?rest_route=\/wp\/v2\/users\/1"}],"replies":[{"embeddable":true,"href":"https:\/\/www.bund-deutscher-tierfreunde.com\/index.php?rest_route=%2Fwp%2Fv2%2Fcomments&post=885"}],"version-history":[{"count":74,"href":"https:\/\/www.bund-deutscher-tierfreunde.com\/index.php?rest_route=\/wp\/v2\/pages\/885\/revisions"}],"predecessor-version":[{"id":3692,"href":"https:\/\/www.bund-deutscher-tierfreunde.com\/index.php?rest_route=\/wp\/v2\/pages\/885\/revisions\/3692"}],"wp:attachment":[{"href":"https:\/\/www.bund-deutscher-tierfreunde.com\/index.php?rest_route=%2Fwp%2Fv2%2Fmedia&parent=885"}],"curies":[{"name":"wp","href":"https:\/\/api.w.org\/{rel}","templated":true}]}}