{"id":1652,"date":"2014-05-03T13:09:33","date_gmt":"2014-05-03T11:09:33","guid":{"rendered":"http:\/\/www.bund-deutscher-tierfreunde.com\/?page_id=1652"},"modified":"2024-06-11T14:08:58","modified_gmt":"2024-06-11T12:08:58","slug":"rund-um-das-tier","status":"publish","type":"page","link":"https:\/\/www.bund-deutscher-tierfreunde.com\/?page_id=1652","title":{"rendered":"Infos f\u00fcr Tierfreunde"},"content":{"rendered":"<p><a href=\"https:\/\/www.bund-deutscher-tierfreunde.com\/?page_id=1656\" target=\"_self\" rel=\"noopener\">Welches Tier passt zu Dir:<\/a>\u00a0Denkansto\u00df f\u00fcr den zuk\u00fcnftigen Tierhalter<\/p>\n<hr \/>\n<p><a href=\"https:\/\/www.bund-deutscher-tierfreunde.com\/?page_id=1659\" target=\"_self\" rel=\"noopener\">Eine Katze kommt ins Haus:<\/a>\u00a0Bin ich als Katzenhalter geeignet?<\/p>\n<p><a href=\"https:\/\/www.bund-deutscher-tierfreunde.com\/?page_id=1662\" target=\"_self\" rel=\"noopener\">Wo Gefahren f\u00fcr Hund und Katze lauern:<\/a>\u00a0Ein moderner Haushalt birgt eine Reihe von Gefahrenquellen.<\/p>\n<hr \/>\n<p><a href=\"https:\/\/www.bund-deutscher-tierfreunde.com\/?page_id=1665\" target=\"_self\" rel=\"noopener\">Wenn der Urlaub naht:<\/a>\u00a0Reisen mit Tieren oder lieber Urlaubspflegeplatz?<\/p>\n<p><a href=\"https:\/\/www.bund-deutscher-tierfreunde.com\/?page_id=1665\" target=\"_self\" rel=\"noopener\">Einreisebestimmungen:<\/a>\u00a0F\u00fcr Hund und Katze.<\/p>\n<hr \/>\n<p><a href=\"https:\/\/www.bund-deutscher-tierfreunde.com\/?page_id=1669\">Artgerechte Behausung f\u00fcr Kleintiere:<\/a>\u00a0Lebenslust statt K\u00e4figfrust.<\/p>\n","protected":false},"excerpt":{"rendered":"<p>Welches Tier passt zu Dir:\u00a0Denkansto\u00df f\u00fcr den zuk\u00fcnftigen Tierhalter Eine Katze kommt ins Haus:\u00a0Bin ich als Katzenhalter geeignet? Wo Gefahren f\u00fcr Hund und Katze lauern:\u00a0Ein moderner Haushalt birgt eine Reihe von Gefahrenquellen. Wenn der&#46;&#46;&#46;<\/p>\n","protected":false},"author":1,"featured_media":0,"parent":0,"menu_order":0,"comment_status":"closed","ping_status":"closed","template":"","meta":{"footnotes":""},"class_list":["post-1652","page","type-page","status-publish","hentry"],"_links":{"self":[{"href":"https:\/\/www.bund-deutscher-tierfreunde.com\/index.php?rest_route=\/wp\/v2\/pages\/1652","targetHints":{"allow":["GET"]}}],"collection":[{"href":"https:\/\/www.bund-deutscher-tierfreunde.com\/index.php?rest_route=\/wp\/v2\/pages"}],"about":[{"href":"https:\/\/www.bund-deutscher-tierfreunde.com\/index.php?rest_route=\/wp\/v2\/types\/page"}],"author":[{"embeddable":true,"href":"https:\/\/www.bund-deutscher-tierfreunde.com\/index.php?rest_route=\/wp\/v2\/users\/1"}],"replies":[{"embeddable":true,"href":"https:\/\/www.bund-deutscher-tierfreunde.com\/index.php?rest_route=%2Fwp%2Fv2%2Fcomments&post=1652"}],"version-history":[{"count":5,"href":"https:\/\/www.bund-deutscher-tierfreunde.com\/index.php?rest_route=\/wp\/v2\/pages\/1652\/revisions"}],"predecessor-version":[{"id":3084,"href":"https:\/\/www.bund-deutscher-tierfreunde.com\/index.php?rest_route=\/wp\/v2\/pages\/1652\/revisions\/3084"}],"wp:attachment":[{"href":"https:\/\/www.bund-deutscher-tierfreunde.com\/index.php?rest_route=%2Fwp%2Fv2%2Fmedia&parent=1652"}],"curies":[{"name":"wp","href":"https:\/\/api.w.org\/{rel}","templated":true}]}}