{"id":1597,"date":"2014-05-03T09:29:23","date_gmt":"2014-05-03T07:29:23","guid":{"rendered":"http:\/\/www.bund-deutscher-tierfreunde.com\/?page_id=1597"},"modified":"2024-06-11T14:29:12","modified_gmt":"2024-06-11T12:29:12","slug":"tierversuchsfreie-kosmetik","status":"publish","type":"page","link":"https:\/\/www.bund-deutscher-tierfreunde.com\/?page_id=1597","title":{"rendered":"Tierversuchsfreie Kosmetik"},"content":{"rendered":"<p>F\u00fcr meine Creme und meinen Haushaltsreiniger sollen keine Tiere leiden m\u00fcssen.<\/p>\n<p>Dies w\u00fcnschen sich immer mehr Konsumentinnen und Konsumenten. Deshalb achten viele darauf, dass sie Naturkosmetika oder Kosmetika, die als tierversuchsfrei angepriesen werden, kaufen. Viele Kosmetikfirmen werben mit Slogans wie \u00abProdukt nicht am Tier getestet\u00bb oder die Nachfrage im Verkaufsgesch\u00e4ft beim Personal best\u00e4tigt, dass diese Produkte tierversuchsfrei seien.<\/p>\n<p>&nbsp;<\/p>\n<p>Somit ist ja alles in bester Ordnung. Es ist anscheinend heutzutage kein Problem mehr, tierversuchsfreie Produkte einkaufen zu k\u00f6nnen. Leider jedoch wird in diesem Bereich sehr viel Kundent\u00e4uschung betrieben. Kosmetik-Endprodukte sind tierversuchsfrei, das stimmt. Denn Tierversuche f\u00fcr Kosmetik-Endprodukte sind seit dem Jahr 2004 in der EU verboten.<\/p>\n<p>Was viele Firmen jedoch verschweigen: F\u00fcr die Inhaltsstoffe ihrer Produkte wurden und werden sehr viele Tierversuche gemacht. Dies wird uns Konsumentinnen und Konsumenten bewusst verschwiegen, jedoch genau auf dies wollen wir ja achten, damit wir keine im Tierversuch getesteten Produkte kaufen. Dieses Problem betrifft leider auch viele Naturkosmetik-Produkte.<\/p>\n<p>In der folgenden Liste stellen wir die Firmen\/Marken vor, die wir Ihnen mit gutem Gewissen empfehlen k\u00f6nnen.<\/p>\n<p>Hersteller:<\/p>\n<p><strong>Afrikahandel\u00a0<\/strong><br \/>\nFrieder Meszar<br \/>\nBismarckstra\u00dfe<br \/>\n176833 Siebeldingen<br \/>\nTelefon: 06345 949 151<br \/>\nE-Mail:\u00a0info(at)afrikahandel.de<br \/>\nInternet:\u00a0<a href=\"http:\/\/www.afrikahandel.de\/\">www.afrikahandel.de<\/a><br \/>\n(Hautpflege)<\/p>\n<p><strong>ALRUNA GmbH<\/strong><br \/>\nChristine und Matthias Klughardt<br \/>\nSalemerstr. 4<br \/>\n88633 Heiligenberg<br \/>\nTel.: 07554 986 46 98<br \/>\nFax: 07554 986 46 99<br \/>\nE-Mail:\u00a0info@rutano.de<br \/>\nInternet:\u00a0<a href=\"http:\/\/www.rutano.de\/\">www.rutano.de<\/a><\/p>\n<p><strong>B\u00e4rbel Drexel GmbH<\/strong><br \/>\nAichacher Str. 7<br \/>\n86674 Baar<br \/>\nTel.: 08276 51 80<br \/>\nFax: 08276 51 85 05<br \/>\nE-Mail:\u00a0info(at)baerbel-drexel.de<br \/>\nInternet:\u00a0<a href=\"http:\/\/www.baerbel-drexel.de\/\">www.baerbel-drexel.de<\/a><br \/>\n(Pflegende Kosmetik)<\/p>\n<p><strong>EMIKO Handelsgesellschaft mbH<\/strong><br \/>\nUnterer D\u00fctzhof<br \/>\nVorgebirgsstra\u00dfe 99<br \/>\n53913 Swisttal\u2013Heimerzheim<br \/>\nTel.: 02222 93 95 0<br \/>\nFax: 02222 93 95 19<br \/>\nE-Mail:\u00a0info(at)emiko.de<br \/>\nInternet:\u00a0<a href=\"http:\/\/www.emiko.de\/\">www.emiko.de\u00a0<\/a><br \/>\n(Pflegende Kosmetik)<\/p>\n<p><strong>Martina Gebhardt<\/strong><br \/>\nNaturkosmetik GmbH<br \/>\nSt. Wendelinstr. 3<br \/>\n86935 Rott<br \/>\nTel.: 08194 9 32 10<br \/>\nFax: 08194 17 97<br \/>\nE-Mail:\u00a0info(at)martina-gebhardt-naturkosmetik.de<br \/>\nInternet:\u00a0<a href=\"http:\/\/www.martina-gebhardt-naturkosmetik.de\/\">www.martina-gebhardt-naturkosmetik.de<\/a><br \/>\n(Pflegende Kosmetik)<\/p>\n<p><strong>Hagina Cosmetic GmbH<\/strong><br \/>\nSeeshaupter Str. 7<br \/>\n82393 Iffeldorf<br \/>\nTel.: 08856 20 68 9<br \/>\nFax: 08856 98 55<br \/>\nE-Mail:\u00a0info(at)hagina-cosmetic.de<br \/>\nInternet:\u00a0<a href=\"http:\/\/www.hagina-cosmetic.de\/\">www.hagina-cosmetic.de\u00a0<\/a><em><br \/>\n<\/em>(Naturgeist\u00ae Naturkosmetik,<br \/>\nParf\u00fcm, dekorative und<br \/>\npflegende Kosmetik,<br \/>\nKr\u00e4uter\u00f6le)<\/p>\n<p><strong>Hanf-Faser-Fabrik<br \/>\nUckermark GmbH<\/strong><br \/>\nBr\u00fcssower Allee 90<br \/>\n17291 Prenzlau<br \/>\nTel.: 03984\u00a080 77 30<br \/>\nFax: 03984\u00a080 72 64<br \/>\nE-Mail:\u00a0info(at)hanffaser.dehanffaser(at)t-online.de<br \/>\nInternet:\u00a0<a href=\"http:\/\/www.hanffaser.de\/\">www.hanffaser.de<\/a><br \/>\n(Hanfpflege\u00f6l: Baby-und Kinder\u00f6l)<\/p>\n<p><strong>Joils<\/strong><br \/>\nTraubergstr. 21<br \/>\n70186 Stuttgart<br \/>\nTel.: 0711 91 27 75 98<br \/>\nE-Mail:\u00a0goyke(at)joils.de<br \/>\nWebsite\u00a0<a href=\"http:\/\/www.joils.de\/\">www.joils.de<\/a><br \/>\n(Massage- und Wellness\u00f6le)<\/p>\n<p><strong>Laboratorium Soluna<br \/>\nHeilmittel GmbH<\/strong><br \/>\nArtur-Proeller-Str. 9<br \/>\n86609 Donauw\u00f6rth<br \/>\nTel.:\u00a0 0906\u00a07 06 06 20<br \/>\nFax.: 0906 7 06 06 78<br \/>\nE-Mail:\u00a0info(at)lunasol.de<br \/>\nInternet:\u00a0<a href=\"http:\/\/www.lunasol.de\/\">www.lunasol.de\u00a0<\/a><br \/>\n(Lunasol Kosmetik)<\/p>\n<p><strong>Brigitte Mahlenbrey GmbH<\/strong><br \/>\nKonviktstra\u00dfe 17u<br \/>\n79098 Freiburg<br \/>\nTel.: 0761 388 48 35<br \/>\nE-Mail:\u00a0info(at)mahlenbrey.com<br \/>\nInternet:\u00a0<a href=\"http:\/\/www.mahlenbrey.com\/\">www.mahlenbrey.com\u00a0<\/a><br \/>\n(K\u00f6rper\u00f6le)<\/p>\n<p><strong>Hilke Milarch<br \/>\n<\/strong>Lebensgem\u00e4\u00dfe Produkte<br \/>\nSchmiedgasse 17<br \/>\n89182 Bernstadt<br \/>\nTel.: 07348\u00a065 29<br \/>\n(Duft\u00f6le, Duftbalsam)<\/p>\n<p><strong>Mogador<\/strong><br \/>\nMohamed Hassani e.K.<br \/>\nAm Heilbrunnen 47<br \/>\n72766 Reutlingen<br \/>\nTel.: 07121 48 66 10<br \/>\nFax: 07121 48 66 25<br \/>\nE-Mail:\u00a0info(at)argavital.com<br \/>\nInternet:\u00a0<a href=\"http:\/\/www.argan-oil.de\/\">www.argan-oil.de<\/a><\/p>\n<p><strong>Natupur Fris\u00f6r GmbH<\/strong><br \/>\nVillenstr. 1<br \/>\n93142 Maxh\u00fctte-Haidhof<br \/>\nTel.: 09471 22 30<br \/>\nFax: 09471 2 19 14<br \/>\nE-Mail:\u00a0natupur@t-online.de<br \/>\nInternet:\u00a0<a href=\"http:\/\/www.natu-pur.de\/\">www.natu-pur.de\u00a0<\/a><br \/>\n(Haarpflege)<\/p>\n<p><strong>naturARTen<\/strong><br \/>\nEngelhardt Friedrich GbR<br \/>\nL\u00e4rchenweg 10<br \/>\n65520 Bad Camberg<br \/>\nTel.: 06483 80 07 739<br \/>\nFax.: 06483 99 11 537<br \/>\nInternet:\u00a0<a href=\"http:\/\/www.naturarten.de\/\">www.naturarten.de<\/a><\/p>\n<p><strong>Naturkosmetik<br \/>\n<\/strong>Karla Wagner<br \/>\nNelkenstr. 50<br \/>\n46569 H\u00fcnxe\/Drevenack<br \/>\nTel.: 02858\u00a027 17<br \/>\nE-Mail:\u00a0ukwagner(at)t-online.de<br \/>\nInternet:\u00a0<a href=\"http:\/\/www.karlawagner.de\/\">www.karlawagner.de<\/a><br \/>\n(Pflegende Kosmetik)<\/p>\n<p><strong>Primavera Life<\/strong><br \/>\nNaturparadies 1<br \/>\n87466 Oy-Mittelberg<br \/>\nTel.: 08366 8 98 80<br \/>\nFax: 08366 89 88 40 00<br \/>\nE-Mail:\u00a0info(at)primaveralife.com<br \/>\nInternet:\u00a0<a href=\"http:\/\/www.primaveralife.com\/\">www.primaveralife.com<\/a><br \/>\n(Pflegende Kosmetik,<br \/>\n\u00e4therische \u00d6le)<\/p>\n<p><strong>Sanoll Biokosmetik e.U.<\/strong><br \/>\nStaudach 1<br \/>\nA &#8211; 6422 Stams<br \/>\nTel.: 00 43\u00a052 63 61 84<br \/>\nFax: 00 43\u00a052 63 54 44<br \/>\nE-Mail:\u00a0info(at)sanoll.at<br \/>\nInternet:\u00a0<a href=\"http:\/\/www.sanoll.at\/\">www.sanoll.at<\/a><\/p>\n<p><strong>Styx-Naturcosmetic GmbH<\/strong><br \/>\nAm Kr\u00e4utergarten 1<br \/>\nA &#8211; 3200 Obergrafendorf<br \/>\nTel.: 0043 27 47\u00a032 50<br \/>\nFax: 0043 27 47\u00a032 50 10<br \/>\nE-Mail:\u00a0info(at)styx.at<br \/>\nInternet:\u00a0<a href=\"http:\/\/www.styx.at\/\">www.styx.at\u00a0<\/a><br \/>\n(Pflegende Kosmetik (Kr\u00e4utergarten \u00b0),<br \/>\n\u00c4therische \u00d6le)<\/p>\n<p><strong>Tapir Wachswaren GmbH<\/strong><br \/>\nAllerbachstr. 29<br \/>\n37586 Dassel-Amelsen<br \/>\nTel.: 05562 94 02 30<br \/>\nFax: 05562 94 02 31<br \/>\nE-Mail:\u00a0mail(at)tapir.de<br \/>\nInternet:\u00a0<a href=\"http:\/\/www.tapir.de\/\">www.tapir.de<\/a><br \/>\n(Lederpflege)<\/p>\n<p><strong>TREIBHOLZ Naturprodukte GmbH\u00a0<\/strong><br \/>\nKleinenbroicher Str. 104<br \/>\n41352 Korschenbroich<br \/>\nTel.: 02161\u00a064 33 88<br \/>\nFax: 02161\u00a064 34 00<br \/>\nE-Mail:\u00a0mail(at)treibholz.de<br \/>\nInternet:\u00a0<a href=\"http:\/\/www.treibholz.de\/\">www.treibholz.de<\/a><\/p>\n<p><strong>W. Ulrich GmbH *<\/strong><br \/>\nGewerbering 10<br \/>\n86922 Eresing<br \/>\nTel.: 08193\u00a093 12 0<br \/>\nFax: 08193\u00a093 12 80<br \/>\nE-Mail:\u00a0info(at)ulrichgmbh.de<br \/>\nInternet:\u00a0<a href=\"http:\/\/www.ulrich-natuerlich.de\/\">www.ulrich-natuerlich.de\u00a0<\/a><br \/>\n(Wasch- und Reinigungsmittel)<\/p>\n<p><strong>Ulso Kosmetik Versand GmbH<\/strong><br \/>\nDr. Gerd Sobota<br \/>\nLamberggasse 17<br \/>\nA &#8211; 5020 Salzburg<br \/>\nTel.: 0043 662 64 24 05<br \/>\nFax: 0043 662 64 96 86<br \/>\nE-Mail:\u00a0ulso(at)aon.at<br \/>\nInternet:\u00a0<a href=\"http:\/\/www.ulso.at\/\">www.ulso.at\u00a0<\/a><br \/>\n(Pflegende und<br \/>\ndekorative Kosmetik)<\/p>\n<p><strong>Wegwarte\u00a0<\/strong><br \/>\nGertraud Zauner<br \/>\nMerkenbrechts 1<br \/>\nA &#8211; 3800 G\u00f6pfritz<br \/>\nTel.: 0043 28 257 248<br \/>\nFax: 0043 28 258 00 59<br \/>\nE-Mail:\u00a0office(at)wegwartehof.at<br \/>\n(Wegwartehof Stutenmilch-Kr\u00e4uterkosmetik)<\/p>\n<p><strong>Zartgef\u00fchl Manufaktur\u00a0<\/strong><br \/>\nEduard-Rhein-Str. 58<br \/>\n53639 K\u00f6nigswinter<br \/>\nTel.: 02244\u00a0887 53 47<br \/>\nE-Mail:\u00a0info(at)zartgefuehl.com<br \/>\nInternet:\u00a0<a href=\"http:\/\/www.zartgefuehl.com\/\">www.zartgefuehl.com\u00a0<\/a><br \/>\n(Pflegende Kosmetik)<\/p>\n<p>&nbsp;<\/p>\n","protected":false},"excerpt":{"rendered":"<p>F\u00fcr meine Creme und meinen Haushaltsreiniger sollen keine Tiere leiden m\u00fcssen. Dies w\u00fcnschen sich immer mehr Konsumentinnen und Konsumenten. Deshalb achten viele darauf, dass sie Naturkosmetika oder Kosmetika, die als tierversuchsfrei angepriesen werden, kaufen.&#46;&#46;&#46;<\/p>\n","protected":false},"author":1,"featured_media":0,"parent":3086,"menu_order":0,"comment_status":"closed","ping_status":"closed","template":"","meta":{"footnotes":""},"class_list":["post-1597","page","type-page","status-publish","hentry"],"_links":{"self":[{"href":"https:\/\/www.bund-deutscher-tierfreunde.com\/index.php?rest_route=\/wp\/v2\/pages\/1597","targetHints":{"allow":["GET"]}}],"collection":[{"href":"https:\/\/www.bund-deutscher-tierfreunde.com\/index.php?rest_route=\/wp\/v2\/pages"}],"about":[{"href":"https:\/\/www.bund-deutscher-tierfreunde.com\/index.php?rest_route=\/wp\/v2\/types\/page"}],"author":[{"embeddable":true,"href":"https:\/\/www.bund-deutscher-tierfreunde.com\/index.php?rest_route=\/wp\/v2\/users\/1"}],"replies":[{"embeddable":true,"href":"https:\/\/www.bund-deutscher-tierfreunde.com\/index.php?rest_route=%2Fwp%2Fv2%2Fcomments&post=1597"}],"version-history":[{"count":4,"href":"https:\/\/www.bund-deutscher-tierfreunde.com\/index.php?rest_route=\/wp\/v2\/pages\/1597\/revisions"}],"predecessor-version":[{"id":3063,"href":"https:\/\/www.bund-deutscher-tierfreunde.com\/index.php?rest_route=\/wp\/v2\/pages\/1597\/revisions\/3063"}],"up":[{"embeddable":true,"href":"https:\/\/www.bund-deutscher-tierfreunde.com\/index.php?rest_route=\/wp\/v2\/pages\/3086"}],"wp:attachment":[{"href":"https:\/\/www.bund-deutscher-tierfreunde.com\/index.php?rest_route=%2Fwp%2Fv2%2Fmedia&parent=1597"}],"curies":[{"name":"wp","href":"https:\/\/api.w.org\/{rel}","templated":true}]}}